{"id":103,"date":"2023-08-22T19:21:05","date_gmt":"2023-08-22T17:21:05","guid":{"rendered":"https:\/\/horizon-services.de\/?page_id=103"},"modified":"2023-09-25T19:18:06","modified_gmt":"2023-09-25T17:18:06","slug":"firmenadresse-im-eigenen-haus","status":"publish","type":"page","link":"https:\/\/horizon-services.de\/?page_id=103","title":{"rendered":"Firmenadresse im eigenen Haus?"},"content":{"rendered":"<p><span style=\"color: #000000;\"><strong>Und hier gleich die Antwort: Keine gute Idee!<\/strong><\/span><\/p>\n<p>Der Grund daf\u00fcr h\u00f6rt sich schr\u00e4g an und ist in keinem Finanzgesetz zu finden. Diese Fiktion nennt man<\/p>\n<h6><span style=\"color: #333399;\">Unechte Betriebsaufspaltung<\/span><\/h6>\n<p>Eine unechte Betriebsaufspaltung kommt meist durch Unwissen, also\u00a0unabsichtlich\u00a0zustande.<\/p>\n<p>Der Ausl\u00f6ser f\u00fcr eine unechte Betriebsaufspaltung ist oft, dass ein Mehrheitsgesellschafter eine Immobilie oder auch nur ein Arbeitszimmer an die eigene GmbH (oder UG) vermietet.<\/p>\n<p>Da dieser Gesellschafter sowohl \u00fcber die Immobilie als auch die Gesellschaft eine sogenannte beherrschende Stellung hat und die Immobilie f\u00fcr die Gesellschaft eine wesentliche Betriebsgrundlage ist, wird aus dieser Immobilienvermietung ein eigenes (fiktives) Unternehmen.<\/p>\n<p>Der Gesellschafter wird also ungewollt Inhaber eines ausschlie\u00dflich fiskalisch existierenden Vermietungs-Unternehmens und hat, ohne es zu ahnen, <strong>4 Herausforderungen<\/strong>.<\/p>\n<p>&nbsp;<\/p>\n<h6><span style=\"color: #333399;\">1. Das fiktive Unternehmen muss eine E\u00dcR oder ab 60TEUR Gewinn p.A. eine <strong>Bilanz erstellen<\/strong><\/span><\/h6>\n<p>Und wie jedes andere Unternehmen hat auch Ihr fiktives Unternehmen <strong>Aufzeichnungs- und Buchhaltungspflichten<\/strong>.<\/p>\n<p>Den Aufwand und die Kosten f\u00fcr eine Bilanz kennen Sie sicher. <a href=\"https:\/\/www.gesetze-im-internet.de\/stbgebv\/BJNR014420981.html\">Hier der Link zur Geb\u00fchrenordnung f\u00fcr Steuerberater<\/a><\/p>\n<h6><span style=\"color: #333399;\">2. Der &#8222;<strong>Gewinn<\/strong>&#8220; ihres fiktiven Vermietungs-Unternehmens unterliegt der <strong>Gewerbesteuer<\/strong><\/span><\/h6>\n<p>Das durch die Betriebsaufspaltung entstandene fiktive Vermietungs-Unternehmen wird (nur) vom Finanzamt wie ein echtes Unternehmen behandelt.\u00a0Das bedeutet, dass der \u00dcberschuss (d\u00fcrfte mangels Kosten 1:1 <strong>die Miete<\/strong> sein),\u00a0 <strong>gewerbesteuerpflichtig<\/strong> ist.<\/p>\n<p>Und glauben Sie nicht, weil f\u00fcr die Vermietung eigener Immobilien regelm\u00e4\u00dfig keine Gewerbesteuer (erweiterte K\u00fcrzung gem.\u00a0 <a href=\"https:\/\/www.gesetze-im-internet.de\/gewstg\/__9.html\">\u00a79 Nr. 1 S.2 GewStG<\/a>) ) anf\u00e4llt, sei das hier ebenso. Bei einer\u00a0unechten Betriebsaufspaltung\u00a0ist die\u00a0erweiterte K\u00fcrzung nicht zul\u00e4ssig und Sie m\u00fcssen <strong>den Gewinn vollst\u00e4ndig versteuern<\/strong>.<\/p>\n<h6><span style=\"color: #333399;\">3. Sie m\u00fcssen den<strong> Immobilien-Verkauf<\/strong> voll <strong>versteuern<\/strong><\/span><\/h6>\n<p>Bei einer unechten Betriebsaufspaltung k\u00f6nnen Sie Ihre Immobilie nicht steuerfrei verkaufen. <strong>Privatpersonen<\/strong> k\u00f6nnen Immobilien <strong>nach einer 10-j\u00e4hrigen Behaltefrist<\/strong>\u00a0verkaufen,\u00a0<strong>ohne<\/strong>\u00a0dass daf\u00fcr\u00a0<strong>Einkommenssteuer<\/strong>\u00a0f\u00e4llig wird (siehe\u00a0<a href=\"https:\/\/www.gesetze-im-internet.de\/estg\/__23.html\">\u00a723 EStG<\/a>).<\/p>\n<p>Da Ihre Immobilie nach einer unechten Betriebsaufspaltung zum\u00a0 Unternehmen wird, k\u00f6nnen Sie diesen Steuerbefreiung nicht nutzen und m\u00fcssen den Verkaufserl\u00f6s voll versteuern.<\/p>\n<h6><span style=\"color: #333399;\"><strong>4. Sie haften als Privatperson<\/strong> f\u00fcr die Umsatzsteuer Ihrer GmbH<\/span><\/h6>\n<p>Umsatzsteuerlich bilden das Vermietungs-Unternehmen (also das fiktive Unternehmen, dass Ihre Immobilien besitzt) und Ihre operative GmbH eine sogenannte Organschaft. Das hei\u00dft, dass es sich umsatzsteuerrechtlich um ein Unternehmen handelt.<\/p>\n<p>F\u00fcr Sie als Inhaber der Immobilie und Mehrheitsgesellschafter der GmbH hat das drastische Konsequenzen: <strong>Sie werden damit zum Schuldner der gesamten Umsatzsteuer.<\/strong><\/p>\n<p>Kommt Ihr operatives Unternehmen beispielsweise in Zahlungsschwierigkeiten und kann die Umsatzsteuer nicht an das Finanzamt abf\u00fchren, haften Sie als Privatperson daf\u00fcr.<\/p>\n<p>&nbsp;<\/p>\n<p><strong><span style=\"color: #333399;\">Pragmatische L\u00f6sung<\/span><\/strong><\/p>\n<p>Niemals Sitz oder Verwaltungsanschrift eines von Ihnen beherrschten Unternehmens an die Privatanschrift legen. Lieber sich bei uns <a href=\"https:\/\/horizon-services.de\/\">im Shared Office einmieten<\/a>.\u00a0 Allein die Bilanz des fiktiven Unternehmens ist meist teurer.<\/p>\n<p>Wenn es trotzdem passiert ist, unbedingt Ruhe bewahren.\u00a0 Schauen Sie aufmerksam ihre Steuerbescheide der letzten 5 Jahre an, ob die Einnahmen aus der Immobilien-Vermietung unter der Rubrik &#8222;Einnahmen aus Vermietung und Verpachtung&#8220; aufgef\u00fchrt sind. Sprechen Sie mit Ihrem Steuerberater, ob Sie ganz still und leise den Sitz Ihres Unternehmens an eine &#8222;ungef\u00e4hrliche&#8220; Adresse verlegen k\u00f6nnen. Wenn die Verj\u00e4hrung dann eingetreten ist, k\u00f6nnen Sie sicher ruhiger schlafen.<\/p>\n<p>&nbsp;<\/p>\n<p><strong><span style=\"color: #333399;\">Hinweis in eigener Sache:<\/span><\/strong><\/p>\n<div data-canvas-width=\"421.74468000000036\">Die zur Verf\u00fcgung gestellten Informationen erfolgen ohne Gew\u00e4hr und stellen keine Steuer- oder Rechtsberatung dar.<\/div>\n","protected":false},"excerpt":{"rendered":"<p>Und hier gleich die Antwort: Keine gute Idee! Der Grund daf\u00fcr h\u00f6rt sich schr\u00e4g an und ist in keinem Finanzgesetz zu finden. Diese Fiktion nennt man Unechte Betriebsaufspaltung Eine unechte Betriebsaufspaltung kommt meist durch Unwissen, also\u00a0unabsichtlich\u00a0zustande. Der Ausl\u00f6ser f\u00fcr eine unechte Betriebsaufspaltung ist oft, dass ein Mehrheitsgesellschafter eine Immobilie oder auch nur ein Arbeitszimmer an &hellip; <\/p>\n<p class=\"link-more\"><a href=\"https:\/\/horizon-services.de\/?page_id=103\" class=\"more-link\"><span class=\"screen-reader-text\">\u201eFirmenadresse im eigenen Haus?\u201c<\/span> weiterlesen<\/a><\/p>\n","protected":false},"author":1,"featured_media":0,"parent":0,"menu_order":0,"comment_status":"closed","ping_status":"closed","template":"","meta":{"footnotes":""},"class_list":["post-103","page","type-page","status-publish","hentry"],"_links":{"self":[{"href":"https:\/\/horizon-services.de\/index.php?rest_route=\/wp\/v2\/pages\/103","targetHints":{"allow":["GET"]}}],"collection":[{"href":"https:\/\/horizon-services.de\/index.php?rest_route=\/wp\/v2\/pages"}],"about":[{"href":"https:\/\/horizon-services.de\/index.php?rest_route=\/wp\/v2\/types\/page"}],"author":[{"embeddable":true,"href":"https:\/\/horizon-services.de\/index.php?rest_route=\/wp\/v2\/users\/1"}],"replies":[{"embeddable":true,"href":"https:\/\/horizon-services.de\/index.php?rest_route=%2Fwp%2Fv2%2Fcomments&post=103"}],"version-history":[{"count":21,"href":"https:\/\/horizon-services.de\/index.php?rest_route=\/wp\/v2\/pages\/103\/revisions"}],"predecessor-version":[{"id":127,"href":"https:\/\/horizon-services.de\/index.php?rest_route=\/wp\/v2\/pages\/103\/revisions\/127"}],"wp:attachment":[{"href":"https:\/\/horizon-services.de\/index.php?rest_route=%2Fwp%2Fv2%2Fmedia&parent=103"}],"curies":[{"name":"wp","href":"https:\/\/api.w.org\/{rel}","templated":true}]}}