{"id":42,"date":"2022-09-18T00:12:26","date_gmt":"2022-09-17T22:12:26","guid":{"rendered":"http:\/\/horizon-services.de\/?page_id=42"},"modified":"2023-01-03T10:59:21","modified_gmt":"2023-01-03T08:59:21","slug":"gehaltsgestaltung","status":"publish","type":"page","link":"https:\/\/horizon-services.de\/?page_id=42","title":{"rendered":"Gehaltsgestaltung"},"content":{"rendered":"<h4>L\u00f6hne &amp; Geh\u00e4lter sind oft der gr\u00f6\u00dfte Kostenblock<\/h4>\n<p>Es ist naheliegend, \u00fcber kreative Gestaltungsm\u00f6glichkeiten nachzudenken.<\/p>\n<p>Wie w\u00e4re es, wenn Sie \u00fcber 500,- EUR je Mitarbeiter sparen k\u00f6nnten. Legal, nahezu ohne Verwaltungsaufwand und auch noch jedes Jahr? Da kommen schnell interessante Betr\u00e4ge zusammen die Raum schaffen, um zus\u00e4tzliche finanzielle Anreize zu erm\u00f6glichen und\/oder die Rentabilit\u00e4t Ihres Unternehmens zu verbessern.<\/p>\n<p>Die n\u00e4chste Lohnerh\u00f6hung oder die n\u00e4chste Weihnachtsgeldzahlung kommt bestimmt.<\/p>\n<p>Mehr Lohn soll motivieren. Wenn man aber die Abz\u00fcge auf der Gehaltsabrechnung sieht, f\u00fchrt das oft zu Frustration. Das muss nicht sein!<\/p>\n<p>Der Gesetzgeber sieht viele M\u00f6glichkeiten vor, Mitarbeiter durch Netto-Zuwendungen zu belohnen<\/p>\n<p>Zur Motivation ihrer Mitarbeiter geben deutsche Unternehmen im Schnitt je Mitarbeiter 55 Euro im Monat aus. Und zahlen Steuern darauf! Dabei gibt es seit vielen Jahren verschiedene M\u00f6glichkeiten, Mitarbeiter pauschaliert oder sogar v\u00f6llig steuerfrei mit Zuwendungen zu motivieren.<\/p>\n<p>Wir analysieren bestehende Gehaltsstruktur bei KMU\u2019s und zeigt Ihnen, wie und wieviel Sie sparen k\u00f6nnen:<\/p>\n<ul>\n<li style=\"list-style-type: none;\">\n<ul>\n<li>Zun\u00e4chst werden die bestehenden Gehaltsstrukturen anhand der anonymisierten Gehaltsabrechnungen (Datenschutz) analysiert.<\/li>\n<li>Auf Basis der vom Mandanten definierten Optimierungsziele (z.B. Gehaltserh\u00f6hung, Einmalzahlung, Mitarbeitermotivation) werden die Gestaltungsm\u00f6glichkeiten vorgeschlagen und mit der konventionellen Abrechnung \u201e\u00fcber Lohnsteuerkarte\u201c verglichen.<br \/>\n<strong>Unsere Garantie:<\/strong> Sofern sich kein vertraglich festgelegtes Mindesteinsparvolumen ergibt, wird die Gehaltsanalyse kostenfrei durchgef\u00fchrt.<\/li>\n<li>Im n\u00e4chsten Schritt erfolgt die Umsetzung, d.h. die vorgeschlagenen Gestaltungsm\u00f6glichkeiten werden nach R\u00fccksprache mit dem jeweils zust\u00e4ndigen Betriebsfinanzamt realisiert. Horizon-Services unterst\u00fctz den Mandanten dabei, die Einrichtung, vor allem aber die sp\u00e4tere Durchf\u00fchrung nahezu ohne Verwaltungsaufwand zu realisieren. Und die Kosten\u2026 zahlt der Staat!<\/li>\n<\/ul>\n<\/li>\n<\/ul>\n<p>Nehmen Sie Kontakt mit uns auf! Ein erstes Informationsgespr\u00e4ch ist immer kostenlos. Danach k\u00f6nnen Sie immer noch entscheiden, ob und wie es ggf. weiter gehen soll.<\/p>\n","protected":false},"excerpt":{"rendered":"<p>L\u00f6hne &amp; Geh\u00e4lter sind oft der gr\u00f6\u00dfte Kostenblock Es ist naheliegend, \u00fcber kreative Gestaltungsm\u00f6glichkeiten nachzudenken. Wie w\u00e4re es, wenn Sie \u00fcber 500,- EUR je Mitarbeiter sparen k\u00f6nnten. Legal, nahezu ohne Verwaltungsaufwand und auch noch jedes Jahr? Da kommen schnell interessante Betr\u00e4ge zusammen die Raum schaffen, um zus\u00e4tzliche finanzielle Anreize zu erm\u00f6glichen und\/oder die Rentabilit\u00e4t Ihres &hellip; <\/p>\n<p class=\"link-more\"><a href=\"https:\/\/horizon-services.de\/?page_id=42\" class=\"more-link\"><span class=\"screen-reader-text\">\u201eGehaltsgestaltung\u201c<\/span> weiterlesen<\/a><\/p>\n","protected":false},"author":1,"featured_media":0,"parent":0,"menu_order":0,"comment_status":"closed","ping_status":"closed","template":"","meta":{"footnotes":""},"class_list":["post-42","page","type-page","status-publish","hentry"],"_links":{"self":[{"href":"https:\/\/horizon-services.de\/index.php?rest_route=\/wp\/v2\/pages\/42","targetHints":{"allow":["GET"]}}],"collection":[{"href":"https:\/\/horizon-services.de\/index.php?rest_route=\/wp\/v2\/pages"}],"about":[{"href":"https:\/\/horizon-services.de\/index.php?rest_route=\/wp\/v2\/types\/page"}],"author":[{"embeddable":true,"href":"https:\/\/horizon-services.de\/index.php?rest_route=\/wp\/v2\/users\/1"}],"replies":[{"embeddable":true,"href":"https:\/\/horizon-services.de\/index.php?rest_route=%2Fwp%2Fv2%2Fcomments&post=42"}],"version-history":[{"count":11,"href":"https:\/\/horizon-services.de\/index.php?rest_route=\/wp\/v2\/pages\/42\/revisions"}],"predecessor-version":[{"id":87,"href":"https:\/\/horizon-services.de\/index.php?rest_route=\/wp\/v2\/pages\/42\/revisions\/87"}],"wp:attachment":[{"href":"https:\/\/horizon-services.de\/index.php?rest_route=%2Fwp%2Fv2%2Fmedia&parent=42"}],"curies":[{"name":"wp","href":"https:\/\/api.w.org\/{rel}","templated":true}]}}